ommon divisor of 8 and h.
8
Let t = 9 + -9. Suppose -u = -2*y + 3*u + 360, t = 4*y - u - 685. What is the greatest common divisor of y and 17?
17
Let g(s) = -s**3 - 22*s**2 - 22*s + 12. Let w be g(-21). Suppose 4 = 3*d + q, q = d - q - 13. What is the highest common factor of d and w?
3
Let t = -11 - -46. Suppose 0 + t = f. Let m(i) = -3*i - 7. Let j be m(-4). Calculate the greatest common divisor of f and j.
5
Let h(q) = -18*q. Let a be h(-1). Let j(v) = -v**3 - 6*v**2 - 6*v + 9. Let i be j(-6). What is the greatest common factor of i and a?
9
Let o(x) = 4*x**2 - 2*x. Let f be o(-2). Let j = -45 + 70. Suppose 0 = 2*r - 35 - j. Calculate the greatest common divisor of f and r.
10
Suppose 3*a + 0*o + 4*o - 21 = 0, -5*a = 5*o - 35. Calculate the highest common divisor of a and 77.
7
Suppose 14 = 5*p - 16. Let l = 101 - 59. Calculate the highest common factor of l and p.
6
Suppose 0 = w - 6*w + 40. Let p be (2/w)/(5/20). Let t = p + 6. What is the highest common factor of 7 and t?
7
Suppose -f - g + 17 = 0, f - 2*g - 46 = -f. What is the highest common divisor of f and 20?
20
Let d = 530 - 340. Let q = d - 118. Suppose 4*a - q = 2*a. Calculate the greatest common divisor of a and 24.
12
Suppose 3*s - 5*w = 28, -5*s - 4*w + 9*w = -40. Suppose 5*i + 4*m = 46, -2*i - 32 = -4*i - 5*m. Calculate the greatest common factor of i and s.
6
Let t be (-21)/(-3)*(-2)/(-2). Suppose -6*p = -t*p + 98. Let m be 80/6 - (-2)/3. What is the greatest common divisor of p and m?
14
Let a(x) = -x**2 - 5*x - 2. Let b be a(-4). What is the greatest common divisor of b and 3?
1
Let m(z) = 2*z - 2. Suppose -q + 8 = -1. Let a be m(q). Calculate the greatest common divisor of 8 and a.
8
Let h = 118 + 25. What is the greatest common divisor of 13 and h?
13
Suppose 2*i - 15 = -5. Suppose 0*o = -2*o + 30. What is the highest common divisor of o and i?
5
Suppose 2*a - 80 = -16. Calculate the greatest common divisor of 160 and a.
32
Suppose 0 = -2*n - 5*b + 25, -38 = -3*n - n + 2*b. Suppose 0*q + 2*w + 46 = q, 2 = w. What is the greatest common factor of q and n?
10
Let z(x) = -3*x - 6. Let h be z(-5). Suppose -h + 1 = -2*a. Let p be 3/(2/(-8) + 1). Calculate the highest common divisor of p and a.
4
Let r = 41 - 57. Let q be 2/8 - 572/r. Let h be (-1)/(-5) - (-238)/10. Calculate the greatest common divisor of h and q.
12
Suppose -14*a + 13*a + 220 = 5*p, 3*a + 220 = 5*p. Let x(u) = -u**3 + u**2 + u + 110. Let m be x(0). What is the greatest common factor of p and m?
22
Suppose d = 4*d - 12. Suppose 6 = -w - d*a + 1, -4*w + 2*a = -16. Suppose -3*v - 16 = -t, w = -4*v - 9. Calculate the highest common divisor of 1 and t.
1
Suppose -7*c + 4*i = -3*c - 200, 155 = 4*c + 5*i. Let n = 37 + -15. Let h = -4 + n. Calculate the highest common divisor of h and c.
9
Let q be (-8 - 0)*13/(-2). What is the greatest common factor of q and 416?
52
Let g = 340 + -236. Calculate the highest common factor of 13 and g.
13
Let c = 1213 + -718. Calculate the greatest common divisor of c and 45.
45
Let t(g) = 34*g**2 - 3*g - 3. Let q be t(-1). What is the highest common factor of 17 and q?
17
Let g be (-1 + -9)*(-39)/6. Calculate the highest common divisor of 13 and g.
13
Let d = -610 + 1030. Suppose 0 = 4*m - 56 - d. Calculate the highest common divisor of 17 and m.
17
Let r = 2 + 24. Let g(h) = -h**3 + 9*h**2 - 4*h - 5. Let y be g(7). Suppose 4*v + 3*c = 260, y = 2*v - v + 2*c. Calculate the highest common divisor of v and r.
13
Let o(l) = -6*l + 4. Let s be o(-3). Let u = -224 - -334. Calculate the greatest common factor of s and u.
22
Let c = 12 + -9. What is the highest common factor of c and 1?
1
Let m be (-1298)/14 + (-12)/42. Let f = -47 - m. Calculate the highest common divisor of 115 and f.
23
Let k = -13 - -24. Calculate the greatest common factor of k and 55.
11
Let j(p) = -p**2 - 6. Let q be j(0). Let h be 1240/52 - q/39. Suppose -5*l + l + 48 = 0. What is the highest common divisor of l and h?
12
Let r(p) = -2*p**2 + 48*p - 25. Let j be r(22). Calculate the highest common factor of j and 7.
7
Let i(n) = -3*n - 6. Let m be i(-6). Let r be (-28)/238 - (-3676)/34. Calculate the greatest common divisor of m and r.
12
Let u = -63 + 338. What is the highest common factor of u and 25?
25
Let h = 127 + -99. What is the greatest common divisor of h and 14?
14
Suppose 4*t - 443 = 3*i, 0*t = 3*t + 3*i - 327. Let g = 17 + -7. What is the greatest common factor of g and t?
10
Let f be 94/10 + 4/(-10). Let n be (88/(-12))/(4/(-54)). Calculate the highest common factor of n and f.
9
Suppose -4*r + 5 = 1. Let j = 3 + r. Suppose j*t - 49 = -17. What is the greatest common factor of t and 88?
8
Let w = -70 + 113. What is the greatest common divisor of w and 172?
43
Suppose -170 + 8 = -2*i. Calculate the greatest common factor of 9 and i.
9
Let q(d) = d**3 + d**2 + 2. Let b = 5 - 5. Let t be q(b). Let y be 2 + 0 + -1 + 0. Calculate the greatest common divisor of t and y.
1
Suppose x + 2*a = 34, -3*x - 4*a = -39 - 55. What is the highest common factor of x and 65?
13
Let a = 18 + -12. Let h be 64/a*9/6. Calculate the highest common factor of h and 176.
16
Let m(t) = 1 + t**2 + t - 6 + 2. Let r be m(-3). Let v be 13/26 + 17/2. What is the greatest common divisor of v and r?
3
Let f(h) = -h - 6. Let y be f(-6). Suppose y*w - w = -7. Calculate the highest common divisor of 35 and w.
7
Suppose -8*w + 10*w = 8. Calculate the greatest common factor of 10 and w.
2
Suppose 2*t = 4*l - 14, -t = -4*l + 8 + 3. Suppose -10 + 26 = 2*g. What is the greatest common divisor of g and l?
2
Let t = 14 + -25. Let k be (30 + 2)*t/(-2). Calculate the greatest common divisor of k and 22.
22
Let j be -1 + -2 + 4/(-2). Let g(n) = -4*n + 1. Let o be g(j). What is the greatest common factor of 63 and o?
21
Let i be ((-240)/36)/((-2)/21). What is the greatest common factor of i and 14?
14
Let a be -7*1*30/(-7). Suppose 0 = -0*m + 2*m. Let q = 15 + m. Calculate the highest common factor of q and a.
15
Let v = 21 - -104. Let f = 202 - v. Calculate the highest common divisor of 11 and f.
11
Suppose -11*i + 14*i - 54 = 0. Let u(t) = -t**3 + 20*t**2 - 26*t - 5. Let g be u(i). What is the greatest common divisor of 25 and g?
25
Suppose 0*f - 2*f = -4. Suppose -20 = -d - h, -f = -2*h - 12. Calculate the greatest common factor of 10 and d.
5
Suppose 2*c - 31 = f, 5*f - 1 = 2*c - 36. Let m be (-2841)/(-27) + 6/(-27). Calculate the greatest common divisor of c and m.
15
Suppose 4*w - 5*m - 131 = 0, w - 2 - 42 = -m. Calculate the greatest common divisor of w and 26.
13
Suppose 3*q - 24 = -q. Let t = 9 - q. Suppose 4*o + 29 = 5*b, -3*o + t = b - o. Calculate the greatest common divisor of 55 and b.
5
Let p = 14 + -9. Suppose y - p*f = 3*y + 1, -f = 5*y - 32. Calculate the highest common divisor of y and 7.
7
Let x = 0 + 3. Suppose -2*a = -5*u - 43, -3*a - x*u = -2*u - 73. Calculate the highest common factor of a and 216.
24
Let w be (60/9)/((-10)/(-285)). What is the highest common factor of 76 and w?
38
Suppose 162 + 1614 = 4*a. Suppose -3*c - 3*r = -579 + 123, 3*c - 3*r = a. Suppose 6*v = v + c. Calculate the highest common factor of v and 10.
10
Let b(o) = -o**3 + o + 8. Let y be b(0). Calculate the greatest common divisor of y and 64.
8
Suppose -50 = -c - c - 2*x, 3*c + 5*x - 83 = 0. Suppose 20 = 5*j - 15. What is the highest common factor of j and c?
7
Let m be 18/12*8/(-6)*-14. Suppose -2*x + 0*x = -2. Let f be x/((0 + -1)/(-42)). What is the highest common divisor of m and f?
14
Suppose -h - 15 = -2*h. Calculate the highest common factor of 165 and h.
15
Suppose -1412 = -4*s - 260. Suppose 5*y - s = 2*y. What is the highest common factor of y and 12?
12
Suppose 16 = -4*p + 5*m, 5*m = 2*p + 15 + 3. Let h = 24 - 15. What is the highest common divisor of p and h?
1
Let d be 79/2 - (-1)/2. What is the greatest common divisor of d and 40?
40
Let s(o) be the third derivative of -o**4/3 - 2*o**3/3 - 2*o**2. Let x be s(-8). Let d = -6 + 30. What is the greatest common factor of d and x?
12
Let c be (-524)/28 - 2/7. Let x = -6 - c. Suppose 8*d - 5*d = 351. What is the highest common factor of d and x?
13
Suppose w - 24 = 4*b, 0 = 2*w - 4*b - 25 - 3. Suppose -449 = -w*s - 2561. Let o be 40/(-12)*s/10. What is the greatest common factor of 16 and 